) = -u**3 + 6*u**2 - 3*u - 7. Give t(5).
3
Let i(n) = -n**3 - 7*n**2 - 2*n - 17. What is i(-7)?
-3
Let b(o) = 4*o**2 + 27. Give b(0).
27
Let u(g) = -2*g - 86. What is u(-13)?
-60
Let o(n) = n**2 + 9*n - 8. Calculate o(-9).
-8
Let o(d) = -d**3 - 12*d**2 - 9*d + 9. Determine o(-11).
-13
Let l(z) = 4*z**3 - 27*z**2 - 9*z + 8. What is l(7)?
-6
Let w(f) = -15*f**2 - 2*f - 1. Determine w(-1).
-14
Let m(a) = -3*a**2 - 11*a + 8. What is m(-3)?
14
Let c(o) = o**2 + 9*o + 1. What is c(-8)?
-7
Let v(b) = -20*b + 10. Calculate v(2).
-30
Let k(c) = -2*c**3 + 6*c**2 + 8*c - 1. Calculate k(4).
-1
Let b(w) = 2*w**2 + 9*w + 2. Give b(-4).
-2
Let l(d) = 4*d + 19. What is l(-5)?
-1
Let p(f) = f**2 + 44*f + 1. Determine p(-44).
1
Let y(i) = -10*i - 19. Determine y(7).
-89
Let r(d) = 5*d - 1. Calculate r(-1).
-6
Let u(h) = -22*h - 43. Give u(-2).
1
Let n(l) = l**3 - 2*l**2 - 9*l - 2. Determine n(4).
-6
Let y(z) = z**2 + 4*z - 9. Determine y(-6).
3
Let t(s) = s**3 + 3*s**2 - 8*s - 3. Calculate t(-5).
-13
Let c(h) = h - 24. Calculate c(7).
-17
Let h(d) = -5*d + 1. Give h(4).
-19
Let d(u) = -u**3 - 2*u**2 + 2*u. Determine d(-3).
3
Let z(v) = v**3 - 9*v**2 + 8*v - 11. Give z(8).
-11
Let h(r) = -2*r - 32. What is h(-17)?
2
Let r(z) = z**3 - 12*z**2 + 13*z - 10. Determine r(11).
12
Let n(p) = -6*p + 4. Give n(3).
-14
Let i(z) = z**3 - 4*z**2 + 6*z + 2. Give i(3).
11
Let p(g) = 3*g**3 - 2*g**2 - g + 3. Calculate p(2).
17
Let g(l) = l**2 + 5*l - 1. Give g(-5).
-1
Let a(g) = g - 6. Calculate a(15).
9
Let p(j) = j**3 + 14*j**2 + 18*j + 22. What is p(-13)?
-43
Let x(k) = -2*k**2 + 17*k + 2. What is x(8)?
10
Let x(b) = b + 4. Give x(7).
11
Let g(d) = 2*d - 52. Calculate g(25).
-2
Let a(q) = 3*q**2 + 12*q - 184. What is a(-10)?
-4
Let u(g) = -g**3 + 7*g**2 - 3*g - 2. Calculate u(6).
16
Let y(h) = -7*h - 31. Give y(-4).
-3
Let m(f) = 19*f - 83. Determine m(5).
12
Let x(w) = -w**2 - 5*w - 5. Calculate x(-5).
-5
Let m(v) = v**3 + 7*v**2 - v + 9. Determine m(-8).
-47
Let p(l) = 5*l + 15. Give p(-4).
-5
Let q(g) = g**2 + 9*g + 6. Calculate q(-8).
-2
Let z(h) = h**2 + 8*h - 9. Calculate z(-10).
11
Let p(o) = -o**2 - 11*o + 8. Calculate p(-6).
38
Let m(i) = -2*i + 8. Calculate m(3).
2
Let s(k) = k**2 - 21*k - 81. Calculate s(24).
-9
Let s(t) = 5*t + 2. Give s(1).
7
Let k(z) = z**3 - 11*z**2 - 10*z - 29. Give k(12).
-5
Let b(p) = 45*p - 631. What is b(14)?
-1
Let q(w) = -w**3. Calculate q(2).
-8
Let i(z) = 2*z**2 - 105*z - 140. What is i(54)?
22
Let q(w) = 24*w - 7. Give q(5).
113
Let l(m) = 13*m - 89. Determine l(7).
2
Let d(b) = -8*b**2 - 31*b + 12. Calculate d(-4).
8
Let g(b) = b**2 - 11*b + 11. Determine g(9).
-7
Let k(l) = 29*l**2 + l - 1. Give k(1).
29
Let d(x) = -x - 16. What is d(14)?
-30
Let y(m) = -m**2 + 9*m - 7. Give y(9).
-7
Let n(i) = i**3 - 12*i**2 + 5*i + 10. Give n(10).
-140
Let c(b) = 9*b + 11. What is c(-5)?
-34
Let v(j) = -10*j - 641. Give v(-63).
-11
Let p(c) = c**2 + 17*c + 37. Determine p(-13).
-15
Let y(p) = -2*p - 1. What is y(-4)?
7
Let u(z) = z**3 + 41. Calculate u(0).
41
Let j(d) = d**2 + 10*d + 14. What is j(-11)?
25
Let l(j) = -j**2 - 11*j + 18. Give l(-12).
6
Let x(d) = 3*d + 26. Give x(0).
26
Let y(g) = g**3 + 15*g**2 + 33*g - 22. What is y(-12)?
14
Let r(m) = -m**2 - 20*m - 17. Determine r(-18).
19
Let x(n) = -3*n - 34. Give x(-11).
-1
Let x(j) = j - 8. Calculate x(-6).
-14
Let w(p) = -p**3 - 8*p**2 - 3*p - 17. Calculate w(-8).
7
Let k(f) = -2*f - 24. What is k(-16)?
8
Let d(b) = 15*b - 60. Give d(4).
0
Let i(w) = -w**2 - 14*w - 22. What is i(-9)?
23
Let d(k) = 3*k**3 - 2*k**2 + 3*k. Determine d(2).
22
Let i(u) = -4*u**2 + 9*u + 9. Calculate i(-1).
-4
Let b(d) = 3*d - 1. Give b(-5).
-16
Let q(g) = -2*g. What is q(-5)?
10
Let t(n) = -7*n - 16. Determine t(5).
-51
Let n(s) = -10*s - 9. Calculate n(-4).
31
Let s(m) = 24*m - 6. What is s(3)?
66
Let f(h) = 2*h + 12. What is f(9)?
30
Let o(q) = -q**3 - 3*q**2 + 18*q + 6. Determine o(-6).
6
Let h(n) = -n**3 + 5*n**2 - 2*n - 17. Determine h(5).
-27
Let j(g) = g**3 + 3*g**2 - 2*g + 7. Give j(-4).
-1
Let c(m) = -4*m**2 - 2*m + 3. What is c(-1)?
1
Let x(u) = -u**2 + 2*u - 1. Give x(-2).
-9
Let f(c) = -c**2 - 51*c - 641. Calculate f(-26).
9
Let m(t) = 8*t + 37. What is m(-5)?
-3
Let l(d) = -8*d + 49. Determine l(15).
-71
Let l(j) = 4*j**3 - 3*j - 2. What is l(-1)?
-3
Let j(t) = -t**3 - 9*t**2 - 3. Determine j(-9).
-3
Let v(s) = 2*s**3 - 7*s**2 - 3*s + 8. Calculate v(3).
-10
Let t(o) = 9*o + 133. Calculate t(-15).
-2
Let u(v) = -v**3 - 3*v - 79. Calculate u(0).
-79
Let l(z) = 2*z**2 - 115*z + 49. Determine l(57).
-8
Let m(r) = -r**3 - 9*r**2 + 5*r + 15. Give m(-10).
65
Let l(h) = -13*h**2 - 3*h + 3. What is l(1)?
-13
Let o(f) = -f**3 - 3*f**2 + 3*f + 4. Determine o(-3).
-5
Let x(q) = -13*q**3 - q + 2. What is x(1)?
-12
Let y(k) = 9*k + 17. Give y(-3).
-10
Let z(s) = 2*s**2 - 9*s - 33. What is z(7)?
2
Let v(l) = 12*l + 37. Calculate v(-3).
1
Let w(r) = -8*r**2 - 24*r - 4. Determine w(-2).
12
Let v(l) = -l**3 - 2*l**2 + 5*l + 5. Calculate v(-3).
-1
Let r(l) = l**2 + l - 12. Determine r(-7).
30
Let s(q) = -q**2 + 2*q + 53. Give s(-8).
-27
Let a(k) = k**3 - 2*k**2 - 3*k - 4. What is a(-2)?
-14
Let c(y) = 8*y - 89. What is c(11)?
-1
Let z(s) = 2*s**2 + 4*s + 5. Determine z(-5).
35
Let c(x) = -14*x. What is c(1)?
-14
Let k(t) = 5*t - 22. Give k(5).
3
Let r(t) = 4*t**2 - 5*t + 1. Determine r(3).
22
Let m(z) = 3*z + 34. Give m(-17).
-17
Let r(d) = 2*d**3 - 45*d**2 - 22*d + 24. Calculate r(23).
47
Let o(k) = k**2 + 22*k - 28. Give o(-23).
-5
Let c(a) = -4*a**2 + 3*a + 14. Calculate c(5).
-71
Let l(w) = 3*w + 41. What is l(-19)?
-16
Let s(v) = 2*v + 9. Give s(-5).
-1
Let m(x) = -x**2 - 12*x - 25. Determine m(-9).
2
Let c(t) = -4*t - 41. Determine c(-11).
3
Let l(i) = -i**3 - 26*i**2 - 2*i - 53. Determine l(-26).
-1
Let d(t) = 9*t**3 - 2*t - 1. Determine d(-1).
-8
Let j(w) = -w**2 - 6*w - 12. Give j(-6).
-12
Let t(w) = -w**3 + 5*w**2 + 5*w - 12. Determine t(5).
13
Let d(l) = -36*l**2 + 1. What is d(1)?
-35
Let r(m) = 49*m + 295. Determine r(-6).
1
Let u(x) = x**2 + 17*x - 59. Calculate u(-20).
1
Let f(w) = -3*w - 45. Give f(-19).
12
Let g(k) = -k**3 + 4*k**2 + 4*k - 4. Calculate g(5).
-9
Let o(s) = -50*s + 694. Calculate o(14).
-6
Let c(f) = -9*f + 93. What is c(10)?
3
Let d(l) = -l**2 + 19*l + 29. Give d(20).
9
Let q(o) = 3*o**3 + 4*o**2 + 4*o + 2. What is q(-2)?
-14
Let x(l) = -2*l**3 - 7*l**2 - 7*l - 9. Calculate x(-4).
35
Let j(p) = p**2 + 20*p - 29. What is j(-22)?
15
Let f(s) = 47*s - 3. What is f(-1)?
-50
Let h(m) = -m**3 - 21*m**2 - 22*m - 10. Calculate h(-20).
30
Let q(z) = z**3 + 2*z**2 - 4*z - 7. Determine q(0).
-7
Let s(l) = -l**3 - 6*l**2 + 5*l - 1. Calculate s(-7).
13
Let u(w) = -w**3 - 25*w**2 + 26*w - 2. Determine u(-26).
-2
Let c(u) = u**3 + 7*u**2 - 7*u + 8. Calculate c(-8).
0
Let w(v) = v**3 + 11*v**2 + 9*v + 3. Determine w(-10).
13
Let b(u) = -2*u**2 + 20*u + 6. Give b(9).
24
Let j(z) = z**2 - 9*z - 24. What is j(12)?
12
Let l(z) = 2*z**3 + 11*z**2 - 54*z - 296. What is l(-6)?
-8
Let k(j) = j**2 - 13. Calculate k(0).
-13
Let u(z) = -4*z**2 - 71*z + 24. Give u(-18).
6
Let s(g) = -g**3 + 5*g - 6. Give s(2).
-4
Let l(n) = -n - 14. Give l(-6).
-8
Let f(v) = -v**3 + 3*v**2 + 2*v + 9. What is f(4)?
1
Let g(m) = -m**2 - 7*m + 18. Determine g(-9).
0
Let p(n) = n**3 - 13*n**2 + 6*n - 42. Determine p(13).
36
Let o(y) = -4*y**3 - y - 2. What is o(2)?
-36
Let z(b) = -b**3 + 9*b**2 + 6*b - 108. Calculate z(8).
4
Let m(z) = z + 20. Determine m(-14).
6
Let m(w) = -3*w**2 - 6*w + 29. Give m(-4).
5
Let v(a) = -27*a**3 + a**2 + a - 2. Give v(1).
-27
Let l(q) = -4*q + 33. Calculate l(6).
9
Let q(u) = -4*u + 109. Give q(19).
33
Let y(k) = -10*k - 1. Determine y(1).
-11
Let v(x) = -x**3 - 22*x**2 - 56*x + 21. What is v(-19)?
2
Let z(y) = -9*y - 35. What is z(-6)?
19
Let y(x) = 5*x - 9. Give y(6).
21
Let k(h) = h**2 - 2*h + 102. Determine k(0).
102
Let s(i) = -4*i**2 + 5*i - 3. Give s(3).
-24
Let y(b) = -b**3 - 3*b**2 + 5*b - 9. Determine y(-5).
16
Let g(y) = 7*y - 17. What is g(4)?
11
Let v(m) = -m**2 - 15*m + 10. Determine v(-15).
10
Let x(f) = -f**3 + 3*f**2 + f + 10. Determine x(0).
10
Let x(t) = t**2 + 19*t - 31. Determine x(-21).
11
Let i(y) = -23*y + 558. Calculate i(24).
6
Let r(t) = -t - 16. Give r(-20).
4
Let w(j